(m) = -m**2 + 39*m + 280. Let y be b(45). Let l(a) be the first derivative of a**3/3 - 4*a**2 + 11*a + 2. Calculate l(y).
31
Let k(p) be the first derivative of 0*p + 2 - 1/2*p**2. Let r = 251 + -244. Calculate k(r).
-7
Let k(g) = 2*g + 1 - 2*g**2 + g**2 - 2 - g. Let t(q) = -q**3 - q**2 + 8*q - 7. Let j(i) = -3*k(i) + t(i). Let o be 90/21 - 2/7. Give j(o).
-16
Let z(m) be the second derivative of 0 - 2/3*m**3 + 37*m + 11/2*m**2 - 1/20*m**5 - 7/12*m**4. Give z(-6).
-1
Let t(r) = -r + 11. Let h(k) = -36 + 20*k - 10*k - 8*k. Let x be h(22). What is t(x)?
3
Suppose -5*o = -2*r - 31, o + 2*r - r - 2 = 0. Suppose f = -3*j + 4, -o*f + 5 = -j + 1. Let v(d) = -17*d**2. What is v(j)?
-17
Let a(p) = -p - 5. Let o(m) = m**2 - 13*m - 2. Let w(h) = -h**2 - h + 223. Let r be w(14). Let n be o(r). What is a(n)?
-3
Let q(c) = 3*c**2 - 3*c + 13. Let j(y) = 14*y**2 - 15*y + 57. Let i(s) = -2*j(s) + 9*q(s). Suppose 4*o + 0*o - 12 = 0. Give i(o).
3
Let w = -85 + 84. Let u(r) = 55*r**2 + 6*r - 7. Let i(z) = 152*z**2 + 17*z - 19. Let o(g) = -4*i(g) + 11*u(g). Calculate o(w).
-2
Let q(n) = 6*n**3 - 2*n + 1. Let s(a) = -a**2 + 29*a + 147. Let v be s(33). Let g(y) = 3*y - 44. Let u be g(v). Determine q(u).
5
Let g(o) = 5*o**2 - 19*o + 236. Let i(w) = -14*w**2 + 57*w - 648. Let r(t) = 11*g(t) + 4*i(t). Give r(15).
64
Let c = -82 + 88. Suppose q + 2*q = c. Suppose -o - 1 = q*d, 0*d - 2*d = -3*o + 5. Let n(z) = z**3 + z**2 + z. What is n(d)?
-1
Let u(y) be the third derivative of y**6/120 - y**5/15 - 3*y**4/8 + 17*y**3/6 + 1947*y**2. What is u(5)?
-3
Let j(v) = -v - 1. Let z = -45 - 87. Let d = z + 136. What is j(d)?
-5
Let c(p) = -p**2 - 15*p + 38. Let i be (-448)/147*6 - 2/(-7). Determine c(i).
-16
Let n(v) = -7*v**3 + 3*v**2 - 21*v - 5. Let p(c) = -3*c**3 + c**2 - 10*c - 2. Let u(s) = -4*n(s) + 9*p(s). Let y = -92 - -100. Let j be 2/(-4)*-1*y. Give u(j).
-6
Let s be 376/(-44) + (-8 - 658/(-77)) - 26. Let k(y) = y**3 + 34*y**2 + y + 15. Determine k(s).
-19
Let s(u) = 6 - 7*u + 5*u**2 + u**3 - u**2 - 11. Let a = -4 + -18. Let v = 17 + a. Determine s(v).
5
Suppose k - 16 - 1 = -2*d, -k - 23 = -2*d. Suppose 5*t - 5*h + 0 + 10 = 0, 0 = 2*t + 5*h - d. Let q(r) = r**3 + r**2 + r - 20. Determine q(t).
-20
Suppose 495 = -449*x + 548*x. Let w(s) = -3*s + 21. Let y(o) = -6*o + 41. Let u(v) = -11*w(v) + 6*y(v). Calculate u(x).
0
Let k(v) = 5*v**2 - v + 3. Let i(m) = -6*m**2 + m - 3. Let a(z) = -4*i(z) - 5*k(z). Suppose 95*l - 93*l = 28. Suppose h + 0*h = -l*h. Give a(h).
-3
Let o(l) be the first derivative of -9*l + 16*l**2 + 17 - 7*l**2 - l**2 - 7*l**2. Calculate o(-7).
-23
Suppose 52*p + 2*h = 53*p - 12, -5*p = 3*h - 8. Let l(c) = 3*c. Let j(x) = 7*x + 1. Let i(a) = 2*j(a) - 5*l(a). Give i(p).
-2
Suppose -i + 2*i = 2*u + 27, 3*u - 9 = 0. Let f(a) = -31*a - i*a + 13 + 62*a. Calculate f(10).
-7
Let i(h) = -h**2 + 15*h - 45. Suppose -2567 + 2431 = -17*b. What is i(b)?
11
Let q(b) = -2*b**2 - 5*b + 3. Let t(a) = -a**2 - 2*a - 1. Let i(p) = -4*p**2 - 11*p - 3. Let v(d) = i(d) - 5*t(d). Let x(g) = -q(g) + 2*v(g). Give x(-1).
2
Let x(t) be the third derivative of 19*t**4/24 - 13*t**3/3 + 3825*t**2 + 1. Give x(3).
31
Suppose 15*u - 80*u - 1920 = 55*u. Let d(c) = 4*c + 93. What is d(u)?
29
Let i(j) = -j**2 + 11. Suppose -11*t + 44 = -11. Suppose -3*y + 5*p = -15 - 5, t*p = -20. Determine i(y).
11
Let d(v) be the third derivative of -v**6/120 + v**5/60 + v**4/6 - v**3/2 - 8264*v**2. Let r = 12 + -8. What is d(r)?
-35
Let s(x) = 4*x**2. Let m be s(-1). Let y(j) = -m + 7 + 9*j - 5 - 2 - j**2. Suppose z = 14*z - 91. What is y(z)?
10
Let k = 1368 + -1363. Let j(m) = -m**2 + m + 3. Give j(k).
-17
Let f = -16208 - -16215. Let k(l) = -2*l**2 + 20*l - 57. Determine k(f).
-15
Let y = 2 - -1. Suppose 3*x - 5*g = 266, 0 - 8 = -4*g. Let h(w) = w - x + 34 + 28 + 28. Determine h(y).
1
Let h be ((-8)/5)/((-4)/10). Let y(r) = r + h - 3 - 3. Let j be 1 - (6/2 + -2). What is y(j)?
-2
Let n(d) = 9*d**3 - d**2 - d + 1. Let l(p) = p**2 + 24*p + 108. Let b be l(-6). Suppose 4*g = 5*f - 3*f + 2, b = 3*f - g - 2. Determine n(f).
8
Let w = -28 - -27. Let a(i) be the second derivative of -i**3/2 - 2200*i. Calculate a(w).
3
Let q(y) = -y - 12. Suppose -27*k - 75 = -42*k. Suppose -67 = 8*m + k. Give q(m).
-3
Let s(b) be the first derivative of b**3/3 + 13*b**2/2 - 6*b + 1200. Determine s(-13).
-6
Let m(k) be the second derivative of 7*k**3/6 + 305*k**2/2 - 10083*k. Calculate m(-45).
-10
Let u(b) = -b + 6. Suppose -11*i + 21*i = 50. Let x be ((-4)/(-6))/(48/72). Let g be (0/(i - x))/(-3). What is u(g)?
6
Let x = 1155576 + -1155571. Let y(n) = 0*n - 10 + 34 - 11*n + n**2. Calculate y(x).
-6
Let u be 386/8 + 330/440. Let b(d) be the first derivative of -u + 0*d - 2/3*d**3 - 1/2*d**2. Calculate b(2).
-10
Let z = 213 - 211. Let g(j) = -z + 8 + j**2 - 157*j + 153*j. Suppose -5*r = -0*r - 20. Determine g(r).
6
Let o(h) = h**2 + 8*h - 7. Let i = 10 + -27. Let y = 22 + i. Suppose y*w = -10 - 35. Calculate o(w).
2
Let t = -1707 + 1699. Let g(l) = -l**2 - 9*l - 8. Calculate g(t).
0
Let l be (-208)/130 - (2028/65)/(1*-2). Let y(b) = -2*b + 58. Calculate y(l).
30
Let p(s) = -3*s + 391. Let a be p(130). Let z(k) = -4*k - 1. What is z(a)?
-5
Suppose -333 = 3*p - c - 349, 2*p - c = 9. Let x(n) = n**2 - 5*n - 4. Calculate x(p).
10
Let l(p) be the second derivative of 5*p**3/6 + 3*p**2/2 - p. Let q = -4769 + 4767. Let n(b) = -6*b - 4. Let y(t) = q*n(t) - 3*l(t). What is y(2)?
-7
Let a(g) be the second derivative of -g**5/20 + 5*g**4/4 - 8*g**3/3 + g**2 + 785*g. Determine a(14).
-26
Let a(f) = 7*f**3 - f - 7. Let i(y) = 13*y**3 + y**2 - 3*y - 12. Let m(h) = -11*a(h) + 6*i(h). Let j(q) = 1 - q**2 - 7 - 11*q - 1. Let k be j(-11). Give m(k).
5
Let m(t) be the first derivative of 5*t**2/2 + 94*t - 622. Calculate m(-9).
49
Let s be ((-12)/(-18))/(3/9). Let m(c) be the second derivative of 5/6*c**3 + 0*c**s - 16*c + 0. Calculate m(-1).
-5
Suppose -155*g = -110 + 53 - 98. Let r(v) = -10*v**2 - 3*v. Determine r(g).
-13
Let z = 754 - 758. Let m(n) be the first derivative of -n**3/3 - 7*n**2/2 + 5*n + 2. What is m(z)?
17
Let z(g) be the first derivative of -1/2*g**2 - 5*g + 4. Determine z(-7).
2
Let q(d) be the first derivative of -1/4*d**4 + 9 + 7*d + 7/3*d**3 - 5/2*d**2. Give q(6).
13
Let f(x) = 6*x**3 - x. Let g = 479 - 910. Let m = 432 + g. Determine f(m).
5
Let j(b) = 2 + 6 - 2 + 3*b + b - b**2. Let r be j(5). Let n(f) = f - 16*f**3 + 3*f**2 - 2*f**2 + 4*f**2 - 1 - 7*f**2 + 3*f**2. What is n(r)?
-15
Let j(l) = -6*l + 41. Let f be ((-12)/(-5))/(336/840). Give j(f).
5
Let g(d) = 4*d**2 + 10 + 9973*d + 0 - 9969*d - 5*d**2. Calculate g(-5).
-35
Let c(x) = 71 + 4*x**3 - 4*x - 4*x**3 + 33*x**3 - 27*x**3 - 7*x**3. Determine c(0).
71
Let g(w) = -w**3 + 6*w**2 + 2*w - 6. Let x(m) = -2*m**3 - 24*m**2 - 37*m + 36. Let t be x(-10). Determine g(t).
6
Let j(q) = 97*q**3 - 72*q**2 - 77*q + 57. Let p(u) = -13*u**3 + 10*u**2 + 11*u - 8. Let i(d) = 2*j(d) + 15*p(d). Calculate i(8).
-46
Let s(f) = 7*f**2 + 26*f - 39. Let i(p) = 3*p**2 + 20*p - 1. Let h(q) = 2*i(q) - s(q). Determine h(12).
61
Let n(z) = 7*z. Suppose 37 = 5*q - 58. Let c = -3654 - -3657. Suppose 22*h - c = q*h. What is n(h)?
7
Suppose 0 = -3*w + 26 - 11. Let f be ((-20)/(-50))/(1/w). Let z(o) = 0*o**2 + 10*o**2 + 11*o**2 - o**f + 1. Calculate z(-1).
21
Let j = -56 - -58. Suppose 7*x = j*x. Suppose x = 16*l - 20*l - 24. Let h(s) = s - 1. Determine h(l).
-7
Let m(y) = 2*y + 1. Let g(h) = 48*h - 179. Let o be g(9). Let d = o + -251. Determine m(d).
5
Let l(y) be the third derivative of -y**4/12 + y**3/6 - 6*y**2 + 1. Let v(w) = -35*w**3 + w**2 - 3*w + 2. Let x be v(1). Let r = x + 39. Calculate l(r).
-7
Let u(f) = -2*f + 1. Let d be u(-1). Let s(x) be the second derivative of 0 + 1/12*x**4 + 3/2*x**2 - x**3 + 575*x. What is s(d)?
-6
Let i(n) = -n**2 + 18*n + 44. Suppose 0 = 2362*q - 2347*q - 270. Calculate i(q).
44
Suppose -6 = 3*x - 51. Let y(g) be the second derivative of -g**3/6 + 7*g**2 - 9346*g. Calculate y(x).
-1
Let n(b) = 835*b**2 - 4*b. Let t be n(1). Let p = -834 + t. Let k(x) = x**2 - 5*x - 10. Calculate k(p).
14
Let j(a) be the third derivative of a**7/1260 - a**6/240 - a**5/60 + 11*a**3/2 - 8*a**2 + 1. Let u(c) be the third derivative of j(c). Determine u(6).
21
Let g = -56 + 53